-1821 + 2052. Calculate the highest common divisor of 168 and k.
21
Let i(u) = u**3 + 8*u**2 + 7*u. Let r be i(-7). Suppose 0 = -2*b - r*b + 88. What is the greatest common factor of 4 and b?
4
Let p = -1055 - -1056. Calculate the greatest common factor of p and 5.
1
Let u(a) = a - 7. Let p be u(10). Suppose 0 = v + p*v + 4. Let b be -3 + v + -4 + 36. What is the highest common divisor of b and 112?
28
Suppose -30*t + 3664 + 62216 = 0. What is the greatest common divisor of 36 and t?
36
Let k = 61 - 31. Let j be (((-3)/1)/6)/(3/(-60)). Calculate the highest common divisor of j and k.
10
Suppose b + 973 = 2*n, 1906 = 6*n - 2*n + 6*b. What is the highest common divisor of 44 and n?
44
Let h be (17 - -2) + (-1 - -2). Suppose -37*o = -13*o - 2400. What is the highest common factor of o and h?
20
Let n(o) be the first derivative of 33*o**4/4 - o**2/2 - 8. Let g be n(1). What is the greatest common divisor of 16 and g?
16
Suppose 0 = -3*b - 4*o + 2*o + 185, -4*b + 4*o + 260 = 0. Calculate the highest common divisor of b and 105.
21
Let h(t) = -3*t**2 + 13*t + 2*t - 7 + 5. Let f be h(6). Let q = f - -29. Calculate the greatest common factor of 27 and q.
9
Let x(n) = 3*n**2 - 57*n - 55. Let u be x(-17). Calculate the highest common divisor of u and 13.
13
Let u = -69 - -84. Suppose 3*q - 4*b + 2*b - 215 = 0, -q + 50 = -5*b. Calculate the greatest common divisor of u and q.
15
Suppose -6 = 5*r + 14. Suppose 2 + 0 = -2*i - 4*n, -4*n - 4 = 0. Let d be 27/(i/r*-2). What is the greatest common factor of 18 and d?
18
Let v(r) = -r**3 - 4*r**2 - 5*r + 3. Let b be v(-6). Suppose 9*s - 4*s = b. What is the greatest common factor of 21 and s?
21
Let s = 545 - 515. What is the greatest common divisor of s and 45?
15
Let q(h) = h**3 + 21*h**2 - 2*h + 18. Let j be q(-21). What is the greatest common divisor of j and 210?
30
Let q be -1*(-3 - -2 - 1). Let o be (q - 1)*(3 + -4). Let p be (0 - o) + (35 - 1). Calculate the greatest common factor of 7 and p.
7
Suppose 9 = 3*k, 8*k - 4*k + 210 = 2*l. Calculate the greatest common divisor of 2 and l.
1
Suppose 37 = 3*u + g - 3*g, 2*u - 5*g - 32 = 0. Suppose 30 = 14*r - u*r. Calculate the greatest common divisor of r and 40.
10
Let t(j) = 3*j + 0 + 5*j**2 + j**2 - j**3 - 3*j**2 - 2. Let y be t(-2). Calculate the greatest common divisor of 96 and y.
12
Suppose 0 = -3*g + 15, 34 = -4*d - 5*g - 85. Let k = d + 36. Suppose 5*m + 4*y - 588 = 0, k = 2*y - 4*y - 6. What is the greatest common factor of 48 and m?
24
Let o be (-84)/(-210) + -1 + (-63)/(-5). Let p be 2/o - (-1349)/114. Calculate the greatest common factor of p and 96.
12
Suppose 5*k - 126 - 64 = -5*p, -5*p + 91 = 2*k. Let v = -21 + k. Suppose 9130*h - 9122*h - 96 = 0. What is the greatest common factor of v and h?
12
Suppose 0 = -2*s + 78 + 18. Suppose -4*x + 21 = 3*x. Suppose x*a = 12, 6*c - 3*c - 2*a = 28. What is the highest common factor of s and c?
12
Let u be ((-15)/(-2))/(5/40). Let t(c) = 3*c**2 - 9*c + 3. Let o be t(4). Calculate the greatest common factor of o and u.
15
Let b = -13 - -30. Let q be 46980/690 - (-2)/(-23). What is the greatest common divisor of b and q?
17
Let b be ((-12)/2)/((-18)/840). Calculate the greatest common divisor of 10 and b.
10
Let l = -66 - -210. Let a = -7 - -23. Calculate the greatest common factor of a and l.
16
Let n be (62 - -64) + (2 - 2). Suppose 4*h = l - 12 - 22, -2*h - 66 = -4*l. Calculate the highest common factor of n and l.
14
Let z be (13 + -3)*(-4)/(-10). Let w = -3 + z. Let l be (-20)/(-2) + 2*-1. What is the greatest common factor of w and l?
1
Suppose 22*s = 126 - 16. What is the highest common factor of 5 and s?
5
Let n(z) = -z + 13. Let o be n(9). What is the greatest common factor of o and 1?
1
Let o(h) = -3*h**3 + 11*h**2 - 4*h - 1. Let m be o(3). What is the greatest common factor of 10 and m?
5
Let n be (45/(-10))/(-1)*(-80)/(-45). Calculate the highest common factor of 484 and n.
4
Suppose 0*g = 39*g - 624. Calculate the greatest common factor of g and 6.
2
Suppose 5 = -3*i + 20. Let u be ((-42)/(-35))/(3/25). What is the highest common factor of i and u?
5
Let o = 39 + -22. Let w = 47 - o. Calculate the highest common divisor of 15 and w.
15
Suppose -2*h = 8 - 48. Suppose 5*t = 3*t + h. Calculate the highest common factor of 25 and t.
5
Let m(k) = 74*k**2 + 2*k + 2. Suppose 3*y - 5*y - 7 = -n, 2*n = 10. Let l be m(y). Calculate the greatest common factor of 37 and l.
37
Suppose 5*t - 73 = -5*a + 192, -4*t - a + 227 = 0. Let j = t + -8. What is the highest common factor of j and 10?
10
Suppose 2351 = t - 3*p, p - 2 = -p. What is the highest common factor of 44 and t?
22
Let x be 1/(1 - (2 + -2)). Suppose 4*h = -v + 3*v + 10, x = 3*h + 5*v. Calculate the greatest common divisor of 18 and h.
2
Let r be -1*2*(-8 - -7). Suppose 5 = -3*n + 2*w + 3*w, r = -2*n + 4*w. Let x be (2/(-4))/(n/20). What is the greatest common factor of 1 and x?
1
Suppose 4*v - 7*h = -4*h + 5165, 1293 = v + h. Calculate the highest common divisor of 76 and v.
76
Suppose 5*p - 12 = -2*h, -h - 1 = -p - 7. Let a be 9/6*(-32)/h. Let k = a - -32. What is the greatest common factor of k and 264?
24
Let d = 16 - 13. Let z = -4 - -6. Suppose -m = -2*m + d*q + 7, -z*m + 29 = -q. What is the highest common divisor of 32 and m?
16
Let y = 156 + -100. What is the highest common factor of y and 32?
8
Let i(d) = -d + 1. Let w be i(-3). Let n be 606/(-18) - (-4)/(-3). Let o = n + 37. What is the highest common divisor of w and o?
2
Let g be 10990/126 + (-6)/27. Let c = g - 80. Calculate the greatest common divisor of c and 119.
7
Let m = -246 + 266. What is the greatest common factor of 50 and m?
10
Let y(u) = u**3 + 4*u**2 - 3*u - 10. Let m be y(-5). Let z = m - -23. Let g be (5 - z) + 2*17. What is the highest common divisor of 12 and g?
12
Suppose -1235 = -4*f - f - 2*g, 5*f + g - 1235 = 0. Calculate the greatest common divisor of 19 and f.
19
Let h(o) = 169*o**2 + 3*o - 4. Let t be h(1). What is the greatest common factor of 147 and t?
21
Suppose -4*t = 3*w - 257, 4*t + 0*w = -2*w + 262. Calculate the greatest common factor of t and 17.
17
Let s be 18/4*(-48)/(-108). Suppose -s = -q + 8. Calculate the greatest common factor of q and 150.
10
Suppose -m - 38 = -0*i - 5*i, 0 = -2*i + 2*m + 20. Suppose -114 = -0*o - 3*o. Let t = o + -24. What is the greatest common factor of t and i?
7
Let d(p) = p**3 + 11*p**2 - 12*p + 25. Let u be d(-12). What is the greatest common factor of 200 and u?
25
Suppose -35 - 49 = -4*o. Let n(x) = -3 - 7 + 0 - 3 - 5*x. Let t be n(-11). What is the greatest common factor of t and o?
21
Suppose 5*l = -3*d + 89, -3*d - l + 82 = 9. Suppose 0 = -r - d + 28. Calculate the greatest common divisor of r and 10.
5
Let w = -8 - -14. Suppose 32 + 14 = 3*k - 4*y, 3*k + 4*y = 62. What is the greatest common divisor of k and w?
6
Let t = -9 + 18. Suppose 88*r - 5185 - 3754 = 5317. What is the highest common factor of t and r?
9
Suppose 3*a = 2*r + 3, -a + 3*a + 6 = 4*r. Let p be (-2 + -1)*(-90)/a. What is the highest common factor of 18 and p?
18
Suppose 0*r = t + 2*r - 12, -t = -r - 9. Suppose -120 = 19*s - 21*s. Let z be ((-6)/18)/((-4)/s). What is the greatest common divisor of t and z?
5
Suppose -13*f + 198 = -2*f. Calculate the highest common factor of f and 54.
18
Suppose -5*y + 1 = -3*z - 7, z + 8 = 3*y. Let m = y + 4. Suppose -4*x = -m*x + 44. Calculate the highest common divisor of x and 44.
11
Let r(d) = -27*d + 9. Let m be r(-1). Calculate the highest common divisor of 162 and m.
18
Suppose 26 = 29*d - 28*d. What is the highest common factor of 26 and d?
26
Let g(j) = j**2 + 12*j + 9. Let x be g(-9). Let q(a) = -a**2 - 18*a + 26. Let l be q(x). Calculate the greatest common factor of l and 39.
13
Suppose 8*o - 3*n = 7*o + 21, 0 = 3*o - 2*n - 28. Let b be (-4)/(-6)*(-72)/(-2). Calculate the highest common factor of b and o.
6
Suppose -15 = -2*l - 5*v + 99, 5*l - 3*v = 347. What is the highest common factor of 5 and l?
1
Suppose 5*i + 137 - 7 = 0. Let v = i - -35. What is the greatest common divisor of 54 and v?
9
Let m = 366 + 162. Calculate the greatest common divisor of 48 and m.
48
Let g be ((-6)/6)/(2/(-94)). Let b be (-8 + 5)*g/(-3). Let z = b - 27. What is the highest common factor of 4 and z?
4
Let m be (-116)